{"id":922,"date":"2017-12-05T23:00:02","date_gmt":"2017-12-05T22:00:02","guid":{"rendered":"http:\/\/bergischerbiker.de\/wordpress\/?page_id=922"},"modified":"2019-01-02T18:10:23","modified_gmt":"2019-01-02T17:10:23","slug":"ueber-mich","status":"publish","type":"page","link":"https:\/\/bergischerbiker.de\/wordpress\/ueber-mich\/","title":{"rendered":"\u00dcber mich&#8230;"},"content":{"rendered":"<p>&#8230;gibts hier mal kurz die Eckdaten:<\/p>\n<p>Ich hei\u00dfe Stefan, bin an einem 14. November in der zweiten H\u00e4lfte der 1970er Jahre geboren und fahre seit 2000 Motorrad (F\u00fchrerschein f\u00fcr Motorr\u00e4der seit 1998 &#8230;und nein, daraus l\u00e4sst sich mein Alter nicht ableiten&#8230;).<\/p>\n<p>Eine gewisse Begeisterung f\u00fcr einspurige Fahrzeuge war zweifelsfrei bereits im Kindesalter vorhanden, allerdings beschr\u00e4nkte sich diese da noch auf diverse Fahrzeuge, welche (damals noch \u00fcblich) mit reiner Muskelkraft angetrieben wurden.<\/p>\n<p>Das Interesse an Motor getriebenen Zweir\u00e4dern stellte sich erst deutlich sp\u00e4ter bei mir ein (ganz anders als bei diversen Klassenkameraden welche im Alter von 15 Jahren gar nicht schnell genug ihren Mofa F\u00fchrerschein absolvieren konnten).<\/p>\n<p>Man kann also sagen, besser sp\u00e4t als nie&#8230;<\/p>\n<p>Heute verbringe ich im Jahr durchschnittlich 8.000 km meiner Jahresfahrleistung (ca. 43.000 km) auf dem Motorrad. Das teilt sich manchmal recht unterschiedlich auf meine beiden Bikes auf und ich versuche zumindest beide in etwa gleich viel zu bewegen.<\/p>\n<p>Zu den Highlights z\u00e4hlen die mittlerweile regelm\u00e4\u00dfig statt findenden Alpenurlaube in Italien, diverse Jahrestreffen (GSX 1400 &amp; B-King Foren), Ausfahrten mit Freunden, Kollegen und Gleichgesinnten.<\/p>\n<p>Gl\u00fccklicherweise wohne ich hier in Wuppertal in einer der besten Biker-Gegenden Deutschlands. Jepp, ich habe die Kurven quasi direkt vor der Haust\u00fcre (wenn ich erst mal aus Wuppertal raus bin und dann noch ein St\u00fcck in Richtung S\u00fcden gefahren bin&#8230;) und kann mich da echt nicht beklagen.<\/p>\n<p>Nebenbei bin ich seit 2003 (also im selben Jahr, in welchem ich mit die GSX 1400 gekauft habe) Mitglied in der IG GSX 1400.<\/p>\n<p>Nachdem 2010 der zweite Foren-Admin (nach Volker, den Gr\u00fcnder der IG) seinen R\u00fccktritt (und auch das Ende von Forum Nummer zwei) bekannt gegeben hatte, wurde ich gefragt, ob ich nicht Interesse an einer \u00dcbernahme der Community h\u00e4tte.<\/p>\n<p>Tja, seitdem betreibe ich eines der beiden <a href=\"https:\/\/www.gsx1400forum.net\" target=\"_blank\" rel=\"noopener\">GSX 1400 Foren<\/a> in Deutschland.<\/p>\n<p>Weiter m\u00f6chte ich euch hier nicht mit pers\u00f6nlichen gebrabbel langweilen. Schaut euch lieber die Seite und die Bilder an \ud83d\ude09<\/p>\n<p>Ach ja, ich mache mir \u00fcbrigens keinen Stress (habe genug mit meinem Beruf, meinen Hobbys und anderen Aktivit\u00e4ten zu tun). Es wird hier keinen festen Zeitrahmen f\u00fcr Ver\u00f6ffentlichungen geben. Infos kommen so wie ich Zeit und Lust habe sie zu ver\u00f6ffentlichen. Wenn mal l\u00e4ngere Zeit nix ver\u00f6ffentlicht wird, dann ist das eben so \ud83d\ude42<br \/>\nWer die Vorg\u00e4ngerseite noch kennt, wird wissen das der Fokus mehr auf Technik, Bilder und den Downloads gelegen hat.<br \/>\nGut, die Downloads muss ich hier bei Zeiten noch einpflegen, der Rest ist aber so weit wieder verf\u00fcgbar.<\/p>\n<p>Etwas umgew\u00f6hnen muss ich mich noch bez\u00fcglich des Verhaltens von WordPress.<br \/>\nHier gibt es Seiten und Beitr\u00e4ge.<br \/>\nLeider funktionieren nicht alle Plugins mit Seiten, sondern nur \u00fcber die Nutzung innerhalb von Beitr\u00e4gen.<br \/>\nDas sorgt dann zwangsl\u00e4ufig f\u00fcr einen etwas anderen Aufbau der Seite, welcher so von mir nicht geplant war (habe nicht von einen &#8222;Blog&#8220; zu betreiben).<br \/>\nAuch das einbinden der Bilder Galerie funktioniert am besten \u00fcber Beitr\u00e4ge&#8230;<\/p>\n<p>&nbsp;<\/p>\n<p>PS: Was mich zum Kauf der jeweiligen Bikes bewegt hat, k\u00f6nnte ihr in den entsprechenden Rubriken unter <a href=\"https:\/\/bergischerbiker.de\/wordpress\/die-bikes\/\">die Bikes<\/a> nachlesen.<\/p>\n","protected":false},"excerpt":{"rendered":"<p>&#8230;gibts hier mal kurz die Eckdaten: Ich hei\u00dfe Stefan, bin an einem 14. November in der zweiten H\u00e4lfte der 1970er Jahre geboren und fahre seit 2000 Motorrad (F\u00fchrerschein f\u00fcr Motorr\u00e4der <a class=\"more-link\" href=\"https:\/\/bergischerbiker.de\/wordpress\/ueber-mich\/\">Weiterlesen\u00a0\u2026<\/a><\/p>\n","protected":false},"author":1,"featured_media":0,"parent":0,"menu_order":0,"comment_status":"open","ping_status":"closed","template":"","meta":{"ngg_post_thumbnail":0,"footnotes":""},"class_list":["post-922","page","type-page","status-publish","hentry"],"_links":{"self":[{"href":"https:\/\/bergischerbiker.de\/wordpress\/wp-json\/wp\/v2\/pages\/922","targetHints":{"allow":["GET"]}}],"collection":[{"href":"https:\/\/bergischerbiker.de\/wordpress\/wp-json\/wp\/v2\/pages"}],"about":[{"href":"https:\/\/bergischerbiker.de\/wordpress\/wp-json\/wp\/v2\/types\/page"}],"author":[{"embeddable":true,"href":"https:\/\/bergischerbiker.de\/wordpress\/wp-json\/wp\/v2\/users\/1"}],"replies":[{"embeddable":true,"href":"https:\/\/bergischerbiker.de\/wordpress\/wp-json\/wp\/v2\/comments?post=922"}],"version-history":[{"count":7,"href":"https:\/\/bergischerbiker.de\/wordpress\/wp-json\/wp\/v2\/pages\/922\/revisions"}],"predecessor-version":[{"id":1543,"href":"https:\/\/bergischerbiker.de\/wordpress\/wp-json\/wp\/v2\/pages\/922\/revisions\/1543"}],"wp:attachment":[{"href":"https:\/\/bergischerbiker.de\/wordpress\/wp-json\/wp\/v2\/media?parent=922"}],"curies":[{"name":"wp","href":"https:\/\/api.w.org\/{rel}","templated":true}]}}

Über mich&#8230;

<p>&#8230;gibts hier mal kurz die Eckdaten:</p>
<p>Ich heiße Stefan, bin an einem 14. November in der zweiten Hälfte der 1970er Jahre geboren und fahre seit 2000 Motorrad (Führerschein für Motorräder seit 1998 &#8230;und nein, daraus lässt sich mein Alter nicht ableiten&#8230;).</p>
<p>Eine gewisse Begeisterung für einspurige Fahrzeuge war zweifelsfrei bereits im Kindesalter vorhanden, allerdings beschränkte sich diese da noch auf diverse Fahrzeuge, welche (damals noch üblich) mit reiner Muskelkraft angetrieben wurden.</p>
<p>Das Interesse an Motor getriebenen Zweirädern stellte sich erst deutlich später bei mir ein (ganz anders als bei diversen Klassenkameraden welche im Alter von 15 Jahren gar nicht schnell genug ihren Mofa Führerschein absolvieren konnten).</p>
<p>Man kann also sagen, besser spät als nie&#8230;</p>
<p>Heute verbringe ich im Jahr durchschnittlich 8.000 km meiner Jahresfahrleistung (ca. 43.000 km) auf dem Motorrad. Das teilt sich manchmal recht unterschiedlich auf meine beiden Bikes auf und ich versuche zumindest beide in etwa gleich viel zu bewegen.</p>
<p>Zu den Highlights zählen die mittlerweile regelmäßig statt findenden Alpenurlaube in Italien, diverse Jahrestreffen (GSX 1400 &amp; B-King Foren), Ausfahrten mit Freunden, Kollegen und Gleichgesinnten.</p>
<p>Glücklicherweise wohne ich hier in Wuppertal in einer der besten Biker-Gegenden Deutschlands. Jepp, ich habe die Kurven quasi direkt vor der Haustüre (wenn ich erst mal aus Wuppertal raus bin und dann noch ein Stück in Richtung Süden gefahren bin&#8230;) und kann mich da echt nicht beklagen.</p>
<p>Nebenbei bin ich seit 2003 (also im selben Jahr, in welchem ich mit die GSX 1400 gekauft habe) Mitglied in der IG GSX 1400.</p>
<p>Nachdem 2010 der zweite Foren-Admin (nach Volker, den Gründer der IG) seinen Rücktritt (und auch das Ende von Forum Nummer zwei) bekannt gegeben hatte, wurde ich gefragt, ob ich nicht Interesse an einer Übernahme der Community hätte.</p>
<p>Tja, seitdem betreibe ich eines der beiden <a href="https://www.gsx1400forum.net" target="_blank" rel="noopener">GSX 1400 Foren</a> in Deutschland.</p>
<p>Weiter möchte ich euch hier nicht mit persönlichen gebrabbel langweilen. Schaut euch lieber die Seite und die Bilder an 😉</p>
<p>Ach ja, ich mache mir übrigens keinen Stress (habe genug mit meinem Beruf, meinen Hobbys und anderen Aktivitäten zu tun). Es wird hier keinen festen Zeitrahmen für Veröffentlichungen geben. Infos kommen so wie ich Zeit und Lust habe sie zu veröffentlichen. Wenn mal längere Zeit nix veröffentlicht wird, dann ist das eben so 🙂<br />
Wer die Vorgängerseite noch kennt, wird wissen das der Fokus mehr auf Technik, Bilder und den Downloads gelegen hat.<br />
Gut, die Downloads muss ich hier bei Zeiten noch einpflegen, der Rest ist aber so weit wieder verfügbar.</p>
<p>Etwas umgewöhnen muss ich mich noch bezüglich des Verhaltens von WordPress.<br />
Hier gibt es Seiten und Beiträge.<br />
Leider funktionieren nicht alle Plugins mit Seiten, sondern nur über die Nutzung innerhalb von Beiträgen.<br />
Das sorgt dann zwangsläufig für einen etwas anderen Aufbau der Seite, welcher so von mir nicht geplant war (habe nicht von einen &#8222;Blog&#8220; zu betreiben).<br />
Auch das einbinden der Bilder Galerie funktioniert am besten über Beiträge&#8230;</p>
<p>&nbsp;</p>
<p>PS: Was mich zum Kauf der jeweiligen Bikes bewegt hat, könnte ihr in den entsprechenden Rubriken unter <a href="https://bergischerbiker.de/wordpress/die-bikes/">die Bikes</a> nachlesen.</p>

<p>&#8230;gibts hier mal kurz die Eckdaten: Ich heiße Stefan, bin an einem 14. November in der zweiten Hälfte der 1970er Jahre geboren und fahre seit 2000 Motorrad (Führerschein für Motorräder <a class="more-link" href="https://bergischerbiker.de/wordpress/ueber-mich/">Weiterlesen …</a></p>
