{"id":7,"date":"2017-12-04T16:32:08","date_gmt":"2017-12-04T15:32:08","guid":{"rendered":"http:\/\/bergischerbiker.de\/wordpress\/?page_id=7"},"modified":"2018-01-07T18:31:32","modified_gmt":"2018-01-07T17:31:32","slug":"impressum","status":"publish","type":"page","link":"https:\/\/bergischerbiker.de\/wordpress\/impressum\/","title":{"rendered":"Impressum"},"content":{"rendered":"<h1 id=\"a2\" class=\"heading1\">Impressum<\/h1>\n<p>Stefan Paschke<br \/>\nPlatz der Republik 42<br \/>\n42107 Wuppertal<\/p>\n<p>Telefon: +49 (0)202 \/ 6984694<br \/>\nEmail:&nbsp;<a class=\"advmail\" href=\"&#x6d;&#97;i&#x6c;&#x74;&#111;:&#x77;&#x65;&#98;m&#x61;&#x73;&#116;e&#x72;&#x40;&#115;t&#x65;&#102;&#97;n&#x70;&#97;s&#x63;&#x68;&#107;e&#x2e;&#x64;&#101;\">&#x77;&#101;&#98;m&#x61;&#x73;&#116;e&#x72;&#x40;&#115;t&#x65;&#x66;&#97;n&#x70;&#x61;&#115;c&#x68;&#x6b;&#101;&#46;&#x64;&#x65;<\/a><br \/>\nKontakt: <a href=\"https:\/\/bergischerbiker.de\/wordpress\/impressum\/kontakt\/\">Kontaktformular<\/a><\/p>\n<p>Internet: <a href=\"https:\/\/www.bergischerbiker.de\">https:\/\/www.bergischerbiker.de<\/a><\/p>\n<p>Der Inhalt dieser Website mit allen Bildern, Texten und und Designs unterliegt dem Copyright von Stefan Paschke.<br \/>\nEine Vervielf\u00e4ltigung oder Verwendung der in dieser Website verwendeten Grafiken, Tondokumente, Videosequenzen und Texten in anderen elektronischen oder gedruckten Publikationen ist ohne ausdr\u00fcckliche Zustimmung meinerseits nicht gestattet.<\/p>\n<p><b class=\"contentbold\"><u class=\"contentunderlined\">Haftungsausschluss<\/u><\/b><br \/>\nIch \u00fcbernehme keinerlei Gew\u00e4hr f\u00fcr die Aktualit\u00e4t, Korrektheit, Vollst\u00e4ndigkeit oder Qualit\u00e4t der bereitgestellten Informationen.<br \/>\nHaftungsanspr\u00fcche gegen mich, welche sich auf Sch\u00e4den materieller oder ideeller Art beziehen, die durch die Nutzung oder Nichtnutzung der dargebotenen Informationen bzw. durch die Nutzung fehlerhafter und unvollst\u00e4ndiger Informationen verursacht wurden, sind grunds\u00e4tzlich ausgeschlossen, sofern kein nachweislich vors\u00e4tzliches oder grob fahrl\u00e4ssiges Verschulden meinerseits vorliegt.<br \/>\nIch behalte mir ausdr\u00fccklich vor, Teile der Seiten oder das gesamte Angebot ohne gesonderte Ank\u00fcndigung zu ver\u00e4ndern, zu erg\u00e4nzen, zu l\u00f6schen oder die Ver\u00f6ffentlichung zeitweise oder endg\u00fcltig einzustellen.<\/p>\n<p>Bei direkten oder indirekten Verweisen auf fremde Webseiten (Hyperlinks), die au\u00dferhalb des Verantwortungsbereiches dieser Website bzw. des Webmasters liegen, w\u00fcrde eine Haftungsverpflichtung ausschlie\u00dflich in dem Fall in Kraft treten, in dem ich von den Inhalten der verlinkten Webseiten Kenntnis genommen h\u00e4tte und es mir technisch m\u00f6glich und zumutbar w\u00e4re, die Nutzung im Falle rechtswidriger Inhalte zu verhindern.<br \/>\nIch erkl\u00e4re hiermit ausdr\u00fccklich, dass zum Zeitpunkt der Link Setzung keine illegalen Inhalte auf den zu verlinkenden Seiten erkennbar waren !<br \/>\nAuf die aktuelle und zuk\u00fcnftige Gestaltung, die Inhalte oder die Urheberschaft der verlinkten\/verkn\u00fcpften Seiten habe ich keinerlei Einfluss.<br \/>\nDeshalb distanziere ich mich hiermit ausdr\u00fccklich von allen Inhalten aller verlinkten \/verkn\u00fcpften Seiten, die nach der Link Setzung ver\u00e4ndert wurden.<br \/>\nDiese Feststellung gilt f\u00fcr alle innerhalb meines Internetangebotes gesetzten Links und Verweise sowie f\u00fcr Fremdeintr\u00e4ge in von mir eingerichteten G\u00e4steb\u00fcchern, Diskussionsforen, Link Verzeichnissen, Mailinglisten und in allen anderen Formen von Datenbanken, auf deren Inhalt externe Schreibzugriffe m\u00f6glich sind.<br \/>\nF\u00fcr illegale, fehlerhafte oder unvollst\u00e4ndige Inhalte und insbesondere f\u00fcr Sch\u00e4den, die aus der Nutzung oder Nichtnutzung solcherart dargebotener Informationen entstehen, haftet allein der Anbieter der Seite, auf welche verwiesen wurde, nicht derjenige, der \u00fcber Links auf die jeweilige Ver\u00f6ffentlichung lediglich verweist.<\/p>\n<p>Sofern innerhalb des Internetangebotes die M\u00f6glichkeit zur Eingabe pers\u00f6nlicher oder gesch\u00e4ftlicher Daten (Email Adressen, Namen, Anschriften) besteht, so erfolgt die Preisgabe dieser Daten seitens des Nutzers auf ausdr\u00fccklich freiwilliger Basis.<br \/>\nDie Nutzung der im Rahmen des Impressums oder vergleichbarer Angaben ver\u00f6ffentlichten Kontaktdaten wie Postanschriften, Telefon- und Faxnummern sowie Email Adressen durch Dritte zur \u00dcbersendung von nicht ausdr\u00fccklich angeforderten Informationen ist nicht gestattet.<br \/>\nRechtliche Schritte gegen die Versender von sogenannten Spam-Mails bei Verst\u00f6\u00dfen gegen dieses Verbot sind ausdr\u00fccklich vorbehalten.<\/p>\n<p>Dieser Haftungsausschluss ist als Teil des Internetangebotes zu betrachten, von dem aus auf diese Seite verwiesen wurde. Sofern Teile oder einzelne Formulierungen dieses Textes der geltenden Rechtslage nicht, nicht mehr oder nicht vollst\u00e4ndig entsprechen sollten, bleiben die \u00fcbrigen Teile des Dokumentes in ihrem Inhalt und ihrer G\u00fcltigkeit davon unber\u00fchrt.<\/p>\n<p>zur <a href=\"https:\/\/bergischerbiker.de\/wordpress\/datenschutz\/\">Datenschutzrichtlinie<\/a><br \/>\nzu den <a href=\"https:\/\/bergischerbiker.de\/wordpress\/nutzungsbedingungen\/\">Nutzungsbedingungen<\/a><\/p>\n","protected":false},"excerpt":{"rendered":"<p>Impressum Stefan Paschke Platz der Republik 42 42107 Wuppertal Telefon: +49 (0)202 \/ 6984694 Email:&nbsp;&#119;&#x65;b&#109;&#x61;s&#116;&#x65;r&#64;&#x73;t&#101;&#x66;a&#110;&#x70;a&#115;&#x63;h&#107;&#x65;&#46;&#100;&#x65; Kontakt: Kontaktformular Internet: https:\/\/www.bergischerbiker.de Der Inhalt dieser Website mit allen Bildern, Texten und und Designs <a class=\"more-link\" href=\"https:\/\/bergischerbiker.de\/wordpress\/impressum\/\">Weiterlesen\u00a0\u2026<\/a><\/p>\n","protected":false},"author":1,"featured_media":0,"parent":0,"menu_order":0,"comment_status":"closed","ping_status":"closed","template":"","meta":{"ngg_post_thumbnail":0,"footnotes":""},"class_list":["post-7","page","type-page","status-publish","hentry"],"_links":{"self":[{"href":"https:\/\/bergischerbiker.de\/wordpress\/wp-json\/wp\/v2\/pages\/7","targetHints":{"allow":["GET"]}}],"collection":[{"href":"https:\/\/bergischerbiker.de\/wordpress\/wp-json\/wp\/v2\/pages"}],"about":[{"href":"https:\/\/bergischerbiker.de\/wordpress\/wp-json\/wp\/v2\/types\/page"}],"author":[{"embeddable":true,"href":"https:\/\/bergischerbiker.de\/wordpress\/wp-json\/wp\/v2\/users\/1"}],"replies":[{"embeddable":true,"href":"https:\/\/bergischerbiker.de\/wordpress\/wp-json\/wp\/v2\/comments?post=7"}],"version-history":[{"count":6,"href":"https:\/\/bergischerbiker.de\/wordpress\/wp-json\/wp\/v2\/pages\/7\/revisions"}],"predecessor-version":[{"id":1059,"href":"https:\/\/bergischerbiker.de\/wordpress\/wp-json\/wp\/v2\/pages\/7\/revisions\/1059"}],"wp:attachment":[{"href":"https:\/\/bergischerbiker.de\/wordpress\/wp-json\/wp\/v2\/media?parent=7"}],"curies":[{"name":"wp","href":"https:\/\/api.w.org\/{rel}","templated":true}]}}