{"id":24,"date":"2017-12-04T17:09:12","date_gmt":"2017-12-04T16:09:12","guid":{"rendered":"http:\/\/bergischerbiker.de\/wordpress\/?page_id=24"},"modified":"2017-12-16T18:32:37","modified_gmt":"2017-12-16T17:32:37","slug":"wuppertal","status":"publish","type":"page","link":"https:\/\/bergischerbiker.de\/wordpress\/bergisches\/wuppertal\/","title":{"rendered":"Wuppertal"},"content":{"rendered":"<h1 id=\"a2\" class=\"heading1\">Wuppertal<\/h1>\n<p>Wuppertal, die gr\u00f6\u00dfte Stadt im Bergischen Land liegt im Bundesland&nbsp;<a class=\"link\" title=\"Externe Adresse &quot;http:\/\/de.wikipedia.org\/wiki\/Nordrhein-Westfalen&quot; aufrufen\" href=\"http:\/\/de.wikipedia.org\/wiki\/Nordrhein-Westfalen\" target=\"_blank\" rel=\"noopener\">Nordrhein-Westfalen<\/a>&nbsp;und ist das Wirtschaftszentrum des Bergischen Landes.<br \/>\nDie Stadt mit der Weltber\u00fchmten&nbsp;<a class=\"link\" title=\"Externe Adresse &quot;http:\/\/de.wikipedia.org\/wiki\/Wuppertaler Schwebebahn&quot; aufrufen\" href=\"http:\/\/de.wikipedia.org\/wiki\/Wuppertaler%20Schwebebahn\" target=\"_blank\" rel=\"noopener\">Wuppertaler Schwebebahn<\/a>&nbsp;findet man s\u00fcdlich des Ruhrgebiets im Umfeld der Gro\u00dfst\u00e4dte&nbsp;<a class=\"link\" title=\"Externe Adresse &quot;http:\/\/de.wikipedia.org\/wiki\/D\u00fcsseldorf&quot; aufrufen\" href=\"http:\/\/de.wikipedia.org\/wiki\/D%C3%BCsseldorf\" target=\"_blank\" rel=\"noopener\">Duesseldorf<\/a>&nbsp;(etwa 30 km westlich),&nbsp;<a class=\"link\" title=\"Externe Adresse &quot;http:\/\/de.wikipedia.org\/wiki\/K\u00f6ln&quot; aufrufen\" href=\"http:\/\/de.wikipedia.org\/wiki\/K%C3%B6ln\" target=\"_blank\" rel=\"noopener\">Koeln<\/a>&nbsp;(etwa 40 km s\u00fcdwestlich) und&nbsp;<a class=\"link\" title=\"Externe Adresse &quot;http:\/\/de.wikipedia.org\/wiki\/Essen&quot; aufrufen\" href=\"http:\/\/de.wikipedia.org\/wiki\/Essen\" target=\"_blank\" rel=\"noopener\">Essen<\/a>&nbsp;(etwa 23 km nordwestlich). Wuppertal geh\u00f6rt mit \u00fcber 330.000 Einwohnern zwar nicht zu den Gro\u00dfst\u00e4dten der Bundesrepublik, aber immer noch zu den zehn gr\u00f6\u00dften St\u00e4dten Nordrhein-Westfalens.<br \/>\nAufgrund der starken H\u00f6henunterschiede innerhalb des Stadtgebiets gibt es viele zum teil sehr steile Stra\u00dfen und Wege. Letztere sind ges\u00e4umt von ebenso vielen unz\u00e4hligen Treppen. Wuppertal gilt als Deutschlands Stadt mit den meisten \u00f6ffentlichen Treppen und wird aufgrund seiner steilen Stra\u00dfen auch gerne als das \u201e<a class=\"link\" title=\"Externe Adresse &quot;http:\/\/de.wikipedia.org\/wiki\/San Francisco&quot; aufrufen\" href=\"http:\/\/de.wikipedia.org\/wiki\/San%20Francisco\" target=\"_blank\" rel=\"noopener\">San Francisco<\/a>\u201c Deutschlands genannt.<\/p>\n<p><img loading=\"lazy\" decoding=\"async\" class=\"alignnone size-medium wp-image-873\" src=\"https:\/\/bergischerbiker.de\/wordpress\/wp-content\/uploads\/2017\/12\/compxxxzz_IMG_3676-1-200x300.jpg\" alt=\"\" width=\"200\" height=\"300\" srcset=\"https:\/\/bergischerbiker.de\/wordpress\/wp-content\/uploads\/2017\/12\/compxxxzz_IMG_3676-1-200x300.jpg 200w, https:\/\/bergischerbiker.de\/wordpress\/wp-content\/uploads\/2017\/12\/compxxxzz_IMG_3676-1-100x150.jpg 100w, https:\/\/bergischerbiker.de\/wordpress\/wp-content\/uploads\/2017\/12\/compxxxzz_IMG_3676-1.jpg 533w\" sizes=\"auto, (max-width: 200px) 100vw, 200px\" \/> <img loading=\"lazy\" decoding=\"async\" class=\"alignnone size-medium wp-image-874\" src=\"https:\/\/bergischerbiker.de\/wordpress\/wp-content\/uploads\/2017\/12\/compxxxzz_IMG_3678-200x300.jpg\" alt=\"\" width=\"200\" height=\"300\" srcset=\"https:\/\/bergischerbiker.de\/wordpress\/wp-content\/uploads\/2017\/12\/compxxxzz_IMG_3678-200x300.jpg 200w, https:\/\/bergischerbiker.de\/wordpress\/wp-content\/uploads\/2017\/12\/compxxxzz_IMG_3678-100x150.jpg 100w, https:\/\/bergischerbiker.de\/wordpress\/wp-content\/uploads\/2017\/12\/compxxxzz_IMG_3678.jpg 533w\" sizes=\"auto, (max-width: 200px) 100vw, 200px\" \/><\/p>\n<p>Die L\u00e4nge der Stadtgrenze betr\u00e4gt 94,5 km, die L\u00e4nge der &#8222;<a class=\"link\" title=\"Externe Adresse &quot;http:\/\/de.wikipedia.org\/wiki\/Wupper&quot; aufrufen\" href=\"http:\/\/de.wikipedia.org\/wiki\/Wupper\" target=\"_blank\" rel=\"noopener\">Wupper<\/a>&#8220; innerhalb des Stadtgebietes 33,9 km. Der h\u00f6chste Punkt im Stadtgebiet ist &#8222;<a class=\"link\" title=\"Externe Adresse &quot;http:\/\/de.wikipedia.org\/wiki\/Lichtscheid&quot; aufrufen\" href=\"http:\/\/de.wikipedia.org\/wiki\/Lichtscheid\" target=\"_blank\" rel=\"noopener\">Lichtscheid<\/a>&#8220; mit 350 m \u00fcber NN, der tiefste Punkt liegt an der Wupper bei &#8222;<a class=\"link\" title=\"Externe Adresse &quot;http:\/\/de.wikipedia.org\/wiki\/M\u00fcngsten&quot; aufrufen\" href=\"http:\/\/de.wikipedia.org\/wiki\/M%C3%BCngsten\" target=\"_blank\" rel=\"noopener\">Muengsten<\/a>&#8220; mit 100 m \u00fcber NN.<\/p>\n<p>Die Stadt Wuppertal wurde 1929 durch Vereinigung der St\u00e4dte&nbsp;<a class=\"link\" title=\"Externe Adresse &quot;http:\/\/de.wikipedia.org\/wiki\/Elberfeld&quot; aufrufen\" href=\"http:\/\/de.wikipedia.org\/wiki\/Elberfeld\" target=\"_blank\" rel=\"noopener\">Elberfeld<\/a>,&nbsp;<a class=\"link\" title=\"Externe Adresse &quot;http:\/\/de.wikipedia.org\/wiki\/Barmen&quot; aufrufen\" href=\"http:\/\/de.wikipedia.org\/wiki\/Barmen\" target=\"_blank\" rel=\"noopener\">Barmen<\/a>,&nbsp;<a class=\"link\" title=\"Externe Adresse &quot;http:\/\/de.wikipedia.org\/wiki\/Cronenberg&quot; aufrufen\" href=\"http:\/\/de.wikipedia.org\/wiki\/Cronenberg\" target=\"_blank\" rel=\"noopener\">Cronenberg<\/a>,&nbsp;<a class=\"link\" title=\"Externe Adresse &quot;http:\/\/de.wikipedia.org\/wiki\/Ronsdorf&quot; aufrufen\" href=\"http:\/\/de.wikipedia.org\/wiki\/Ronsdorf\" target=\"_blank\" rel=\"noopener\">Ronsdorf<\/a>,&nbsp;<a class=\"link\" title=\"Externe Adresse &quot;http:\/\/de.wikipedia.org\/wiki\/Langerfeld-Beyenburg&quot; aufrufen\" href=\"http:\/\/de.wikipedia.org\/wiki\/Langerfeld-Beyenburg\" target=\"_blank\" rel=\"noopener\">Langerfeld-Beyenburg<\/a>&nbsp;und&nbsp;<a class=\"link\" title=\"Externe Adresse &quot;http:\/\/de.wikipedia.org\/wiki\/Vohwinkel&quot; aufrufen\" href=\"http:\/\/de.wikipedia.org\/wiki\/Vohwinkel\" target=\"_blank\" rel=\"noopener\">Vohwinkel<\/a>&nbsp;als kreisfreie Stadt \u201eBarmen-Elberfeld\u201c gegr\u00fcndet. 1930 erfolgte die Umbenennung in \u201eWuppertal\u201c, was die geographische Lage der Stadt an der Wupper zum Ausdruck brachte.<br \/>\nDie St\u00e4dtefusion bewirkte, das Wuppertal nach wie vor zwei gr\u00f6\u00dfere Zentren (Elberfeld und Barmen) und f\u00fcnf Stadtteile (Beyenburg, Cronenberg, Langerfeld, Ronsdorf und Vohwinkel) mit jeweils st\u00e4dtischen Elementen hat.<br \/>\nZu den zehn aktuellen Stadtbezirken im Wuppertaler Stadtgebiet geh\u00f6ren: Elberfeld, Elberfeld-West, Uellendahl-Katernberg, Vohwinkel, Cronenberg, Barmen, Oberbarmen, Heckinghausen, Langerfeld-Beyenburg und Ronsdorf.<br \/>\nZu den umliegenden Nachbargemeinden geh\u00f6ren:<\/p>\n<ul>\n<li><a class=\"link\" title=\"Externe Adresse &quot;http:\/\/de.wikipedia.org\/wiki\/Hattingen&quot; aufrufen\" href=\"http:\/\/de.wikipedia.org\/wiki\/Hattingen\" target=\"_blank\" rel=\"noopener\">Hattingen<\/a><\/li>\n<li><a class=\"link\" title=\"Externe Adresse &quot;http:\/\/de.wikipedia.org\/wiki\/Sprockh\u00f6vel&quot; aufrufen\" href=\"http:\/\/de.wikipedia.org\/wiki\/Sprockh%C3%B6vel\" target=\"_blank\" rel=\"noopener\">Sprockhoevel<\/a><\/li>\n<li><a class=\"link\" title=\"Externe Adresse &quot;http:\/\/de.wikipedia.org\/wiki\/Schwelm&quot; aufrufen\" href=\"http:\/\/de.wikipedia.org\/wiki\/Schwelm\" target=\"_blank\" rel=\"noopener\">Schwelm<\/a><\/li>\n<li><a class=\"link\" title=\"Externe Adresse &quot;http:\/\/de.wikipedia.org\/wiki\/Ennepetal&quot; aufrufen\" href=\"http:\/\/de.wikipedia.org\/wiki\/Ennepetal\" target=\"_blank\" rel=\"noopener\">Ennepetal<\/a><\/li>\n<li><a class=\"link\" title=\"Externe Adresse &quot;http:\/\/de.wikipedia.org\/wiki\/Radevormwald&quot; aufrufen\" href=\"http:\/\/de.wikipedia.org\/wiki\/Radevormwald\" target=\"_blank\" rel=\"noopener\">Radevormwald<\/a><\/li>\n<li><a class=\"link\" title=\"Externe Adresse &quot;http:\/\/de.wikipedia.org\/wiki\/Remscheid&quot; aufrufen\" href=\"http:\/\/de.wikipedia.org\/wiki\/Remscheid\" target=\"_blank\" rel=\"noopener\">Remscheid<\/a><\/li>\n<li><a class=\"link\" title=\"Externe Adresse &quot;http:\/\/de.wikipedia.org\/wiki\/Solingen&quot; aufrufen\" href=\"http:\/\/de.wikipedia.org\/wiki\/Solingen\" target=\"_blank\" rel=\"noopener\">Solingen<\/a><\/li>\n<li><a class=\"link\" title=\"Externe Adresse &quot;http:\/\/de.wikipedia.org\/wiki\/Haan&quot; aufrufen\" href=\"http:\/\/de.wikipedia.org\/wiki\/Haan\" target=\"_blank\" rel=\"noopener\">Haan<\/a><\/li>\n<li><a class=\"link\" title=\"Externe Adresse &quot;http:\/\/de.wikipedia.org\/wiki\/Mettmann&quot; aufrufen\" href=\"http:\/\/de.wikipedia.org\/wiki\/Mettmann\" target=\"_blank\" rel=\"noopener\">Mettmann<\/a><\/li>\n<li><a class=\"link\" title=\"Externe Adresse &quot;http:\/\/de.wikipedia.org\/wiki\/W\u00fclfrath&quot; aufrufen\" href=\"http:\/\/de.wikipedia.org\/wiki\/W%C3%BClfrath\" target=\"_blank\" rel=\"noopener\">Wuelfrath<\/a><\/li>\n<li><a class=\"link\" title=\"Externe Adresse &quot;http:\/\/de.wikipedia.org\/wiki\/Velbert&quot; aufrufen\" href=\"http:\/\/de.wikipedia.org\/wiki\/Velbert\" target=\"_blank\" rel=\"noopener\">Velbert<\/a><\/li>\n<\/ul>\n<p>Die Bergische Gro\u00dfstadt hat eine Menge zu bieten: Museen, Theater, Universit\u00e4t, Zoo und vor allem eine landschaftlich sehr reizvolle Umgebung (nicht nur f\u00fcr Motorradfahrer). Die verkehrsg\u00fcnstige Lage im Zentrum von Nordrhein-Westfalen mit direkten Anbindungen an die Autobahnen&nbsp;<a class=\"link\" title=\"Externe Adresse &quot;http:\/\/de.wikipedia.org\/wiki\/A46&quot; aufrufen\" href=\"http:\/\/de.wikipedia.org\/wiki\/A46\" target=\"_blank\" rel=\"noopener\">A46<\/a>,&nbsp;<a class=\"link\" title=\"Externe Adresse &quot;http:\/\/de.wikipedia.org\/wiki\/A1&quot; aufrufen\" href=\"http:\/\/de.wikipedia.org\/wiki\/A1\" target=\"_blank\" rel=\"noopener\">A1<\/a>,&nbsp;<a class=\"link\" title=\"Externe Adresse &quot;http:\/\/de.wikipedia.org\/wiki\/A535&quot; aufrufen\" href=\"http:\/\/de.wikipedia.org\/wiki\/A535\" target=\"_blank\" rel=\"noopener\">A535<\/a>&nbsp;und&nbsp;<a class=\"link\" title=\"Externe Adresse &quot;http:\/\/de.wikipedia.org\/wiki\/A43&quot; aufrufen\" href=\"http:\/\/de.wikipedia.org\/wiki\/A43\" target=\"_blank\" rel=\"noopener\">A43<\/a>, sowie die N\u00e4he zu den Flugh\u00e4fen D\u00fcsseldorf, K\u00f6ln-Bonn und Dortmund sorgen f\u00fcr einen attraktiven Industrieellen Standort.<br \/>\nWo fr\u00fcher allerdings die Textilindustrie vorherrschend war, sind heute gr\u00f6\u00dftenteils Betriebe der Chemie,&nbsp;&nbsp;Elektro und des Maschinen bzw. Werkzeugbaus vertreten.<br \/>\nDie Arbeitslosenquote in Wuppertal betrug Mitte 2008 ca. 11%.<\/p>\n<p>Zu den Sehensw\u00fcrdigkeiten der Stadt geh\u00f6ren zweifelsohne das renommierte &#8222;Von der Heydt Museum&#8220; (Museum f\u00fcr Kunst und Gem\u00e4lde) welches in der Wuppertal-Elberfelder Innenstadt liegt. Unter anderem wurden hier Gem\u00e4lde von &#8222;Picasso&#8220; pr\u00e4miert und ausgestellt, die mittlerweile mehrere Millionen Euro wert sind.<\/p>\n<p><img loading=\"lazy\" decoding=\"async\" class=\"alignnone size-medium wp-image-871\" src=\"https:\/\/bergischerbiker.de\/wordpress\/wp-content\/uploads\/2017\/12\/compxxxzz_IMG_3675-200x300.jpg\" alt=\"\" width=\"200\" height=\"300\" srcset=\"https:\/\/bergischerbiker.de\/wordpress\/wp-content\/uploads\/2017\/12\/compxxxzz_IMG_3675-200x300.jpg 200w, https:\/\/bergischerbiker.de\/wordpress\/wp-content\/uploads\/2017\/12\/compxxxzz_IMG_3675-100x150.jpg 100w, https:\/\/bergischerbiker.de\/wordpress\/wp-content\/uploads\/2017\/12\/compxxxzz_IMG_3675.jpg 533w\" sizes=\"auto, (max-width: 200px) 100vw, 200px\" \/> <img loading=\"lazy\" decoding=\"async\" class=\"alignnone size-medium wp-image-864\" src=\"https:\/\/bergischerbiker.de\/wordpress\/wp-content\/uploads\/2017\/12\/compxxxzz_IMG_1321-200x300.jpg\" alt=\"\" width=\"200\" height=\"300\" srcset=\"https:\/\/bergischerbiker.de\/wordpress\/wp-content\/uploads\/2017\/12\/compxxxzz_IMG_1321-200x300.jpg 200w, https:\/\/bergischerbiker.de\/wordpress\/wp-content\/uploads\/2017\/12\/compxxxzz_IMG_1321-100x150.jpg 100w, https:\/\/bergischerbiker.de\/wordpress\/wp-content\/uploads\/2017\/12\/compxxxzz_IMG_1321.jpg 533w\" sizes=\"auto, (max-width: 200px) 100vw, 200px\" \/><\/p>\n<p>Ebenfalls einen Besuch wert ist das Bergische Stra\u00dfenbahnmuseum, welches in Wuppertal-Cronenberg-Kohlfurt liegt und einige der alten Stra\u00dfenbahnen, die bis zum Jahre 1988 durch Wuppertal fuhren beherbergt. An das Stra\u00dfenbahn Museum angeschlossen ist die kleinste Stra\u00dfenbahnstrecke der Welt, auf der die Bahnen , obwohl sie kein \u00f6ffentliches Nahverkehrsmittel mehr sind, in einen f\u00fcr die Besucher des Museums festgeschriebenen Fahrplan verkehren.<\/p>\n<p>Das&nbsp;<a class=\"link\" title=\"Externe Adresse &quot;http:\/\/de.wikipedia.org\/wiki\/Wuppertaler Uhrenmuseum&quot; aufrufen\" href=\"http:\/\/de.wikipedia.org\/wiki\/Wuppertaler%20Uhrenmuseum\" target=\"_blank\" rel=\"noopener\">Wuppertaler Uhrenmuseum<\/a>&nbsp;liegt ebenfalls in der Elberfelder Innenstadt und ist ein weltweit angesehenes Museum, welches die allerersten Uhren sowie Beispiele von uralten Sand-, Sonnen- und Wasseruhren enth\u00e4lt. F\u00fcnf mal am Tag l\u00e4utet ein an der H\u00e4userwand des Museums angebrachtes Glockenspiel, zu dem sogar extra Leute aus Nachbarst\u00e4dten anreisen.<\/p>\n<p>Eine weitere Sehensw\u00fcrdigkeit ist&nbsp;&nbsp;das &#8222;<a class=\"link\" title=\"Externe Adresse &quot;http:\/\/de.wikipedia.org\/wiki\/Friedrich-Engels-Haus&quot; aufrufen\" href=\"http:\/\/de.wikipedia.org\/wiki\/Friedrich-Engels-Haus\" target=\"_blank\" rel=\"noopener\">Friedrich-Engels-Haus<\/a>&#8222;. Ein Museum, das neben der B7 nahe der Grenze zwischen Wuppertal-Elberfeld und Wuppertal-Barmen liegt. Es ist das Geburtshaus von&nbsp;<a class=\"link\" title=\"Externe Adresse &quot;http:\/\/de.wikipedia.org\/wiki\/Friedrich Engels&quot; aufrufen\" href=\"http:\/\/de.wikipedia.org\/wiki\/Friedrich%20Engels\" target=\"_blank\" rel=\"noopener\">Friedrich Engels<\/a>, einem Mitbegr\u00fcnder des wissenschaftlichen Sozialismus.<\/p>\n<p>Keinesfalls sollte man bei einem Besuch der Bergischen Metropole den&nbsp;<a class=\"link\" title=\"Externe Adresse &quot;http:\/\/de.wikipedia.org\/wiki\/Wuppertaler Zoo&quot; aufrufen\" href=\"http:\/\/de.wikipedia.org\/wiki\/Wuppertaler%20Zoo\" target=\"_blank\" rel=\"noopener\">Wuppertaler Zoo<\/a>&nbsp;auslassen ! Jener Zoo gilt als einer der landschaftlich reizvollsten Zoos weltweit. Zu bestaunen ist hier der uralte Baumbestand, ein in Europa einzigartiges Tapir-Haus mit Unterwasser-Beobachtung, sowie das Neugestaltete Elefantenhaus, das Menschenaffenhaus, ein Gro\u00dfkatzengehege und eine Vogel-Freiflughalle.<\/p>\n<p><img loading=\"lazy\" decoding=\"async\" class=\"alignnone size-medium wp-image-860\" src=\"https:\/\/bergischerbiker.de\/wordpress\/wp-content\/uploads\/2017\/12\/compxxxzz_IMG_0284-300x200.jpg\" alt=\"\" width=\"300\" height=\"200\" srcset=\"https:\/\/bergischerbiker.de\/wordpress\/wp-content\/uploads\/2017\/12\/compxxxzz_IMG_0284-300x200.jpg 300w, https:\/\/bergischerbiker.de\/wordpress\/wp-content\/uploads\/2017\/12\/compxxxzz_IMG_0284-768x512.jpg 768w, https:\/\/bergischerbiker.de\/wordpress\/wp-content\/uploads\/2017\/12\/compxxxzz_IMG_0284-225x150.jpg 225w, https:\/\/bergischerbiker.de\/wordpress\/wp-content\/uploads\/2017\/12\/compxxxzz_IMG_0284.jpg 800w\" sizes=\"auto, (max-width: 300px) 100vw, 300px\" \/> <img loading=\"lazy\" decoding=\"async\" class=\"alignnone size-medium wp-image-865\" src=\"https:\/\/bergischerbiker.de\/wordpress\/wp-content\/uploads\/2017\/12\/compxxxzz_IMG_1560-300x200.jpg\" alt=\"\" width=\"300\" height=\"200\" srcset=\"https:\/\/bergischerbiker.de\/wordpress\/wp-content\/uploads\/2017\/12\/compxxxzz_IMG_1560-300x200.jpg 300w, https:\/\/bergischerbiker.de\/wordpress\/wp-content\/uploads\/2017\/12\/compxxxzz_IMG_1560-768x512.jpg 768w, https:\/\/bergischerbiker.de\/wordpress\/wp-content\/uploads\/2017\/12\/compxxxzz_IMG_1560-225x150.jpg 225w, https:\/\/bergischerbiker.de\/wordpress\/wp-content\/uploads\/2017\/12\/compxxxzz_IMG_1560.jpg 800w\" sizes=\"auto, (max-width: 300px) 100vw, 300px\" \/><\/p>\n<p>Unbedingt sollte man im Wuppertaler Zoo auch die neue Pinguin Anlage mit dem Unterwassertunnel besuchen, welcher einen sehr interessanten Einblick in die Schwimm- und Tauchf\u00e4higkeiten dieser Tiere gew\u00e4hrt.<\/p>\n<p><img loading=\"lazy\" decoding=\"async\" class=\"alignnone size-medium wp-image-859\" src=\"https:\/\/bergischerbiker.de\/wordpress\/wp-content\/uploads\/2017\/12\/compxxxzz_IMG_0226-300x200.jpg\" alt=\"\" width=\"300\" height=\"200\" srcset=\"https:\/\/bergischerbiker.de\/wordpress\/wp-content\/uploads\/2017\/12\/compxxxzz_IMG_0226-300x200.jpg 300w, https:\/\/bergischerbiker.de\/wordpress\/wp-content\/uploads\/2017\/12\/compxxxzz_IMG_0226-768x512.jpg 768w, https:\/\/bergischerbiker.de\/wordpress\/wp-content\/uploads\/2017\/12\/compxxxzz_IMG_0226-225x150.jpg 225w, https:\/\/bergischerbiker.de\/wordpress\/wp-content\/uploads\/2017\/12\/compxxxzz_IMG_0226.jpg 800w\" sizes=\"auto, (max-width: 300px) 100vw, 300px\" \/><\/p>\n<p>Die historische Stadthalle liegt am Johannisberg in Wuppertal-Elberfeld und gilt als eine der akustisch besten Veranstaltungshallen der Welt. Hier fand 2004 und 2005 auch ein Casting zu \u201e<a class=\"link\" title=\"Externe Adresse &quot;http:\/\/de.wikipedia.org\/wiki\/Deutschland sucht den Superstar&quot; aufrufen\" href=\"http:\/\/de.wikipedia.org\/wiki\/Deutschland%20sucht%20den%20Superstar\" target=\"_blank\" rel=\"noopener\">Deutschland sucht den Superstar<\/a>\u201c statt.<\/p>\n<p>Ein besonderes Augenmerk sollte man auch den teilweise sehr markanten Stadtvierteln zukommen lassen. Zum Beispiel das &#8222;<a class=\"link\" title=\"Externe Adresse &quot;http:\/\/de.wikipedia.org\/wiki\/Briller Viertel&quot; aufrufen\" href=\"http:\/\/de.wikipedia.org\/wiki\/Briller%20Viertel\" target=\"_blank\" rel=\"noopener\">Briller Viertel<\/a>,&#8220; es liegt im Stadtbezirk &#8222;Elberfeld-West&#8220; und ist eines der homogensten und sch\u00f6nsten Villenviertel Europas. Die zahlreiche Ansammlung von Villen, mit teilweise, historisch gesehen, unsch\u00e4tzbaren Wert sind mindestens genauso sehenswert, wie die zahlreichen Geb\u00e4ude aus der Gr\u00fcnderzeit in der &#8222;<a class=\"link\" title=\"Externe Adresse &quot;http:\/\/de.wikipedia.org\/wiki\/Elberfelder Nordstadt&quot; aufrufen\" href=\"http:\/\/de.wikipedia.org\/wiki\/Elberfelder%20Nordstadt\" target=\"_blank\" rel=\"noopener\">Elberfelder Nordstadt<\/a>&#8222;, &#8222;<a class=\"link\" title=\"Externe Adresse &quot;http:\/\/de.wikipedia.org\/wiki\/Wichlinghausen&quot; aufrufen\" href=\"http:\/\/de.wikipedia.org\/wiki\/Wichlinghausen\" target=\"_blank\" rel=\"noopener\">Wichlinghausen<\/a>&#8220; und &#8222;<a class=\"link\" title=\"Externe Adresse &quot;http:\/\/de.wikipedia.org\/wiki\/Vohwinkel&quot; aufrufen\" href=\"http:\/\/de.wikipedia.org\/wiki\/Vohwinkel\" target=\"_blank\" rel=\"noopener\">Vohwinkel<\/a>&#8222;.<\/p>\n<p><img loading=\"lazy\" decoding=\"async\" class=\"alignnone size-medium wp-image-863\" src=\"https:\/\/bergischerbiker.de\/wordpress\/wp-content\/uploads\/2017\/12\/compxxxzz_IMG_1291-200x300.jpg\" alt=\"\" width=\"200\" height=\"300\" srcset=\"https:\/\/bergischerbiker.de\/wordpress\/wp-content\/uploads\/2017\/12\/compxxxzz_IMG_1291-200x300.jpg 200w, https:\/\/bergischerbiker.de\/wordpress\/wp-content\/uploads\/2017\/12\/compxxxzz_IMG_1291-100x150.jpg 100w, https:\/\/bergischerbiker.de\/wordpress\/wp-content\/uploads\/2017\/12\/compxxxzz_IMG_1291.jpg 533w\" sizes=\"auto, (max-width: 200px) 100vw, 200px\" \/> <img loading=\"lazy\" decoding=\"async\" class=\"alignnone size-medium wp-image-867\" src=\"https:\/\/bergischerbiker.de\/wordpress\/wp-content\/uploads\/2017\/12\/compxxxzz_IMG_3289-200x300.jpg\" alt=\"\" width=\"200\" height=\"300\" srcset=\"https:\/\/bergischerbiker.de\/wordpress\/wp-content\/uploads\/2017\/12\/compxxxzz_IMG_3289-200x300.jpg 200w, https:\/\/bergischerbiker.de\/wordpress\/wp-content\/uploads\/2017\/12\/compxxxzz_IMG_3289-100x150.jpg 100w, https:\/\/bergischerbiker.de\/wordpress\/wp-content\/uploads\/2017\/12\/compxxxzz_IMG_3289.jpg 533w\" sizes=\"auto, (max-width: 200px) 100vw, 200px\" \/><\/p>\n<p>Wuppertal ist vor allem bekannt durch die weltber\u00fchmte, von E. Langen konstruierte und 1901 offiziell er\u00f6ffnete Schwebebahn. Die 13,3 km lange Bahn wurde schon bald nach ihrer Er\u00f6ffnung zum Wahrzeichen der damaligen St\u00e4dte &#8222;Barmen&#8220; und &#8222;Elberfeld&#8220;. Ihr Trageger\u00fcst wurde in den vergangenen Jahren weitgehend originalgetreu \u201eersetzt\u201c; gleichzeitig wurden die Haltestellen modernisiert. Die Schwebebahn ist auch nach \u00fcber 100 Jahren Betriebszeit, ein hochmodernes, sicheres und schnelles Verkehrssystem, das t\u00e4glich \u00fcber 70.000 Personen bef\u00f6rdert. Der Legend\u00e4re Fahrgast war neben &#8222;Kaiser Wilhelm&#8220; (der der Er\u00f6ffnungsfahrt im noch heute erhaltenen \u201eKaiserwagen\u201c beiwohnte) der kleine Elefant &#8222;Tuffi&#8220;, der 1950 aus der Schwebebahn in die Wupper sprang. Tuffi wurde zu Werbezwecken des in der Stadt gastierenden Zirkus \u201eAlthoff\u201c in die Schwebebahn verfrachtet, hielt es aber wegen der zur damaligen Zeit noch sehr markanten Ger\u00e4uschkulisse der Bahn nicht sehr lange aus und sprang durch die T\u00fcr ins freie. Tuffi hatte Gl\u00fcck und landete unverletzt in der Wupper.<\/p>\n<p><img loading=\"lazy\" decoding=\"async\" class=\"alignnone size-medium wp-image-869\" src=\"https:\/\/bergischerbiker.de\/wordpress\/wp-content\/uploads\/2017\/12\/compxxxzz_IMG_3664-300x200.jpg\" alt=\"\" width=\"300\" height=\"200\" srcset=\"https:\/\/bergischerbiker.de\/wordpress\/wp-content\/uploads\/2017\/12\/compxxxzz_IMG_3664-300x200.jpg 300w, https:\/\/bergischerbiker.de\/wordpress\/wp-content\/uploads\/2017\/12\/compxxxzz_IMG_3664-768x512.jpg 768w, https:\/\/bergischerbiker.de\/wordpress\/wp-content\/uploads\/2017\/12\/compxxxzz_IMG_3664-225x150.jpg 225w, https:\/\/bergischerbiker.de\/wordpress\/wp-content\/uploads\/2017\/12\/compxxxzz_IMG_3664.jpg 800w\" sizes=\"auto, (max-width: 300px) 100vw, 300px\" \/> <img loading=\"lazy\" decoding=\"async\" class=\"alignnone size-medium wp-image-870\" src=\"https:\/\/bergischerbiker.de\/wordpress\/wp-content\/uploads\/2017\/12\/compxxxzz_IMG_3674-300x200.jpg\" alt=\"\" width=\"300\" height=\"200\" srcset=\"https:\/\/bergischerbiker.de\/wordpress\/wp-content\/uploads\/2017\/12\/compxxxzz_IMG_3674-300x200.jpg 300w, https:\/\/bergischerbiker.de\/wordpress\/wp-content\/uploads\/2017\/12\/compxxxzz_IMG_3674-768x512.jpg 768w, https:\/\/bergischerbiker.de\/wordpress\/wp-content\/uploads\/2017\/12\/compxxxzz_IMG_3674-225x150.jpg 225w, https:\/\/bergischerbiker.de\/wordpress\/wp-content\/uploads\/2017\/12\/compxxxzz_IMG_3674.jpg 800w\" sizes=\"auto, (max-width: 300px) 100vw, 300px\" \/><\/p>\n<p>Hier gehts zum Schwebebahnfilm der <a href=\"http:\/\/www.wsw-online.de\" target=\"_blank\" rel=\"noopener\">WSW<\/a>: <a href=\"https:\/\/youtu.be\/2roHdZ9UB9Y\" target=\"_blank\" rel=\"noopener\">https:\/\/youtu.be\/2roHdZ9UB9Y<\/a><\/p>\n<p>In Wuppertal sind eine Reihe bekannter Personen geboren, die weit \u00fcber die Stadtgrenzen hinaus ber\u00fchmt geworden sind. Zu den bekanntesten geh\u00f6ren z.B. der 1820 geborene &#8222;<a class=\"link\" title=\"Externe Adresse &quot;http:\/\/de.wikipedia.org\/wiki\/Friedrich Engels&quot; aufrufen\" href=\"http:\/\/de.wikipedia.org\/wiki\/Friedrich%20Engels\" target=\"_blank\" rel=\"noopener\">Friedrich Engels<\/a>&#8222;, der gemeinsam mit &#8222;<a class=\"link\" title=\"Externe Adresse &quot;http:\/\/de.wikipedia.org\/wiki\/Karl Marx&quot; aufrufen\" href=\"http:\/\/de.wikipedia.org\/wiki\/Karl%20Marx\" target=\"_blank\" rel=\"noopener\">Karl Marx<\/a>&#8220; das Kommunistische Manifest entwickelte. Der Chemiker &#8222;<a class=\"link\" title=\"Externe Adresse &quot;http:\/\/de.wikipedia.org\/wiki\/Friedrich Carl Duisberg&quot; aufrufen\" href=\"http:\/\/de.wikipedia.org\/wiki\/Friedrich%20Carl%20Duisberg\" target=\"_blank\" rel=\"noopener\">Friedrich Carl Duisberg<\/a>&nbsp;(geb. 1861)&#8220;. Die 1869 geborene Lyrikerin &#8222;<a class=\"link\" title=\"Externe Adresse &quot;http:\/\/de.wikipedia.org\/wiki\/Else Lasker-Sch\u00fcler&quot; aufrufen\" href=\"http:\/\/de.wikipedia.org\/wiki\/Else%20Lasker-Sch%C3%BCler\" target=\"_blank\" rel=\"noopener\">Else Lasker-Schueler<\/a>&#8222;. Der beliebte Schauspieler &#8222;<a class=\"link\" title=\"Externe Adresse &quot;http:\/\/de.wikipedia.org\/wiki\/Horst Tappert&quot; aufrufen\" href=\"http:\/\/de.wikipedia.org\/wiki\/Horst%20Tappert\" target=\"_blank\" rel=\"noopener\">Horst Tappert<\/a>&#8220; (Derrik) wurde 1923 im Ortsteil Elberfeld geboren.<\/p>\n<p>Der bekannteste Wuppertaler \u201eSohn\u201c ist sicherlich der in Barmen geborene &#8222;<a class=\"link\" title=\"Externe Adresse &quot;http:\/\/de.wikipedia.org\/wiki\/Johannes Rau&quot; aufrufen\" href=\"http:\/\/de.wikipedia.org\/wiki\/Johannes%20Rau\" target=\"_blank\" rel=\"noopener\">Johannes Rau<\/a>&nbsp;(1931-2006)&#8220;, ehemaliger Oberb\u00fcrgermeister von Wuppertal, sp\u00e4ter langj\u00e4hriger Ministerpr\u00e4sident von Nordrhein-Westfalen und achter deutscher Bundespr\u00e4sident.<\/p>\n<p>Die bekannte Gr\u00fcnderin der Zeitschrift &#8222;Emma&#8220;,&nbsp;<a class=\"link\" title=\"Externe Adresse &quot;http:\/\/de.wikipedia.org\/wiki\/Alice Schwarzer&quot; aufrufen\" href=\"http:\/\/de.wikipedia.org\/wiki\/Alice%20Schwarzer\" target=\"_blank\" rel=\"noopener\">Alice Schwarzer<\/a>, wurde 1942 in Wuppertal geboren.<\/p>\n","protected":false},"excerpt":{"rendered":"<p>Wuppertal Wuppertal, die gr\u00f6\u00dfte Stadt im Bergischen Land liegt im Bundesland&nbsp;Nordrhein-Westfalen&nbsp;und ist das Wirtschaftszentrum des Bergischen Landes. Die Stadt mit der Weltber\u00fchmten&nbsp;Wuppertaler Schwebebahn&nbsp;findet man s\u00fcdlich des Ruhrgebiets im Umfeld der <a class=\"more-link\" href=\"https:\/\/bergischerbiker.de\/wordpress\/bergisches\/wuppertal\/\">Weiterlesen\u00a0\u2026<\/a><\/p>\n","protected":false},"author":1,"featured_media":0,"parent":22,"menu_order":0,"comment_status":"open","ping_status":"closed","template":"","meta":{"ngg_post_thumbnail":0,"footnotes":""},"class_list":["post-24","page","type-page","status-publish","hentry"],"_links":{"self":[{"href":"https:\/\/bergischerbiker.de\/wordpress\/wp-json\/wp\/v2\/pages\/24","targetHints":{"allow":["GET"]}}],"collection":[{"href":"https:\/\/bergischerbiker.de\/wordpress\/wp-json\/wp\/v2\/pages"}],"about":[{"href":"https:\/\/bergischerbiker.de\/wordpress\/wp-json\/wp\/v2\/types\/page"}],"author":[{"embeddable":true,"href":"https:\/\/bergischerbiker.de\/wordpress\/wp-json\/wp\/v2\/users\/1"}],"replies":[{"embeddable":true,"href":"https:\/\/bergischerbiker.de\/wordpress\/wp-json\/wp\/v2\/comments?post=24"}],"version-history":[{"count":6,"href":"https:\/\/bergischerbiker.de\/wordpress\/wp-json\/wp\/v2\/pages\/24\/revisions"}],"predecessor-version":[{"id":1056,"href":"https:\/\/bergischerbiker.de\/wordpress\/wp-json\/wp\/v2\/pages\/24\/revisions\/1056"}],"up":[{"embeddable":true,"href":"https:\/\/bergischerbiker.de\/wordpress\/wp-json\/wp\/v2\/pages\/22"}],"wp:attachment":[{"href":"https:\/\/bergischerbiker.de\/wordpress\/wp-json\/wp\/v2\/media?parent=24"}],"curies":[{"name":"wp","href":"https:\/\/api.w.org\/{rel}","templated":true}]}}