{"id":1977,"date":"2021-01-11T16:45:02","date_gmt":"2021-01-11T15:45:02","guid":{"rendered":"https:\/\/bergischerbiker.de\/wordpress\/?page_id=1977"},"modified":"2022-10-09T18:17:09","modified_gmt":"2022-10-09T16:17:09","slug":"kontakt-hinweis","status":"publish","type":"page","link":"https:\/\/bergischerbiker.de\/wordpress\/impressum\/kontakt-hinweis\/","title":{"rendered":"Kontakt Hinweis"},"content":{"rendered":"\n<p>Hier gelangst du zu Kontakformular.<br>Leider haben einige Spam Bots das Kontaktformular f\u00fcr ungefragten Werbe Spam an den Betreiber missbraucht&#8230;<\/p>\n\n\n\n<p>Um das zu unterbinden wurde als technische L\u00f6sung eine Anti-Spam-Ma\u00dfnahme eingebaut.<\/p>\n\n\n\n<p><strong>Mit einem Klick auf den nachfolgenden Link akzeptierst du, das beim Aufruf des Kontaktformulars eine Pr\u00fcfung durch eine lokale (DSGVO konforme) Anti-Spam-Bot Ma\u00dfnahme erfolgt !<\/strong><\/p>\n\n\n\n<p>Falls du das nicht m\u00f6chtest, kannst du die im Impressum hinterlegte Email-Adresse f\u00fcr deine Anfrage verwenden (Mail-Adresse kopieren und in einem Email-Programm deiner Wahl einf\u00fcgen).<br><a href=\"https:\/\/bergischerbiker.de\/wordpress\/impressum\/\" data-type=\"page\" data-id=\"7\">zum Impressum<\/a><\/p>\n\n\n\n<p>Informationen bez\u00fcglich der Verwendung von personenbezogenen Daten bzw. Art und Umfang der erhobenen Daten, kannst du in der <a href=\"https:\/\/bergischerbiker.de\/wordpress\/impressum\/datenschutz\/\" data-type=\"page\" data-id=\"9\">Datenschutzerkl\u00e4rung<\/a> nachlesen.<\/p>\n\n\n\n<p>Mit dem Klick auf den nachfolgenden Link gelangst du zum Kontaktformular.<\/p>\n\n\n<p style=\"font-size: 26px;\"><a href=\"https:\/\/bergischerbiker.de\/wordpress\/impressum\/kontakt\/\" data-type=\"page\" data-id=\"967\">zum Kontaktformular<\/a><\/p>","protected":false},"excerpt":{"rendered":"<p>Hier gelangst du zu Kontakformular.Leider haben einige Spam Bots das Kontaktformular f\u00fcr ungefragten Werbe Spam an den Betreiber missbraucht&#8230; Um das zu unterbinden wurde als technische L\u00f6sung eine Anti-Spam-Ma\u00dfnahme eingebaut. <a class=\"more-link\" href=\"https:\/\/bergischerbiker.de\/wordpress\/impressum\/kontakt-hinweis\/\">Weiterlesen\u00a0\u2026<\/a><\/p>\n","protected":false},"author":1,"featured_media":0,"parent":7,"menu_order":0,"comment_status":"closed","ping_status":"closed","template":"","meta":{"ngg_post_thumbnail":0,"footnotes":""},"class_list":["post-1977","page","type-page","status-publish","hentry"],"_links":{"self":[{"href":"https:\/\/bergischerbiker.de\/wordpress\/wp-json\/wp\/v2\/pages\/1977","targetHints":{"allow":["GET"]}}],"collection":[{"href":"https:\/\/bergischerbiker.de\/wordpress\/wp-json\/wp\/v2\/pages"}],"about":[{"href":"https:\/\/bergischerbiker.de\/wordpress\/wp-json\/wp\/v2\/types\/page"}],"author":[{"embeddable":true,"href":"https:\/\/bergischerbiker.de\/wordpress\/wp-json\/wp\/v2\/users\/1"}],"replies":[{"embeddable":true,"href":"https:\/\/bergischerbiker.de\/wordpress\/wp-json\/wp\/v2\/comments?post=1977"}],"version-history":[{"count":6,"href":"https:\/\/bergischerbiker.de\/wordpress\/wp-json\/wp\/v2\/pages\/1977\/revisions"}],"predecessor-version":[{"id":2122,"href":"https:\/\/bergischerbiker.de\/wordpress\/wp-json\/wp\/v2\/pages\/1977\/revisions\/2122"}],"up":[{"embeddable":true,"href":"https:\/\/bergischerbiker.de\/wordpress\/wp-json\/wp\/v2\/pages\/7"}],"wp:attachment":[{"href":"https:\/\/bergischerbiker.de\/wordpress\/wp-json\/wp\/v2\/media?parent=1977"}],"curies":[{"name":"wp","href":"https:\/\/api.w.org\/{rel}","templated":true}]}}